 Let h(d) = -4*d**3 + 3*d**2 + 1. Let r(p) = -f(p) + h(p). Give r(x).
-4
Let q(r) = -4*r**2 + 4*r - 3. Let i be 5/(0 + 3 - (2 + 0)). Let m be (-69)/(-24) + i/40. Let l be -3*(-4)/18*m. Give q(l).
-11
Let y(d) = 3*d - 60. Let s = -4762 - -4784. What is y(s)?
6
Let z be 7 + -1 + -3*28/12 + 1. Let y(p) = 3*p - 49. Give y(z).
-49
Suppose 73*m + 3 = 2*d + 68*m, -1 = m. Let n(g) = -9*g**2 + 3*g + 2. Give n(d).
-10
Suppose -4*g = 3*t - 358, -27*g + 356 = 3*t - 22*g. Let z = -120 + t. Let s(h) = -17*h + 2. Calculate s(z).
-32
Let d(l) be the first derivative of -2*l**2 + 6*l - 62136. Suppose m = 3*m + 12. What is d(m)?
30
Let u(l) = -2*l**3 - 3*l - 7 + l**3 + 60*l**2 - 72*l**2 + 2*l. Let d be ((-6)/9)/(27/486). Calculate u(d).
5
Let s(u) = 3*u - 21. Let m be s(10). Suppose -3*r + 31 = -5*o, 2*o + 14 = 2*r - 0. Let f(c) = 13*c + r*c - 3*c + m - 8. Calculate f(1).
13
Let y = -5 + 10. Let i(s) = 9*s - 27. Let n be (888/333)/(3/(18/(-4))). Let c(t) = -20*t + 59. Let x(o) = n*c(o) - 9*i(o). Calculate x(y).
2
Let j(y) = 7*y**3 + 2*y**2 - 10*y + 13. Let z(r) = 3*r**3 + 9*r**2 - 3*r. Let n(k) = j(k) - 2*z(k). Determine n(16).
-51
Let w(c) = c**3 + 4*c**2 + c - 2. Let u(l) = -18*l - 6. Let j be u(-1). Suppose j*d = 17*d + 20. Give w(d).
-6
Let f(w) = -4*w**2 + 2*w - 1. Let i(j) = -j**2 - 6*j - 5. Let p be i(-5). Suppose p = -7*s - s - 792. Let r be ((-275)/s - 2/(-9))/3. Give f(r).
-3
Suppose -27*i - 1780 = -4*y - 23*i, 4*y - 1760 = -i. Suppose 0 = 7*u - y + 392. Let p(j) = -j**2 + 8*j + 10. Determine p(u).
17
Let q(p) = p**3 - p**2 - p - 1. Let i(b) = b**3 + b**2 + 2. Suppose 0 = 3*d + 17 - 5. Let k be (-6)/8 - 11/d. Let w(l) = k*q(l) - i(l). What is w(4)?
4
Let x(a) be the third derivative of -a**4/8 - 37*a**3/6 + a**2. Let l be (180/108 - 6)*3. Determine x(l).
2
Let d(q) be the second derivative of -17*q**5/20 - q**4/6 + q**2/2 + 51309*q. Let c(x) = -1 - x + 0 - 6. Let z be c(-6). What is d(z)?
16
Let a(k) = -2*k - 3. Suppose -57*u + 62*u = -5. Let t(x) = -6*x**3 - 4*x**2 - 10*x - 5. Let l be t(u). Determine a(l).
-17
Let x(n) = -n**2 + 11*n - 11. Let g(u) = -2*u**3 - 9*u**2 + 2*u - 11. Let i be g(-5). Suppose -36 = -5*a - 3*b, -6*a = -i*a - b - 21. Calculate x(a).
7
Let y = -27884 + 27875. Let c(u) = u**3 + 8*u**2 - 11*u - 23. Calculate c(y).
-5
Suppose 1562 = 1920*f - 1774*f + 102. Let v(w) be the first derivative of w**3/3 - 4*w**2 + 3*w + 2. Calculate v(f).
23
Let l = 13515 + -13509. Let z(t) = -2*t**2 + 8*t + 29. Give z(l).
5
Suppose 0 = -4*m + 2*c + c - 23, 5*m = -5*c - 20. Let w(a) = 4*a**3 - 10*a**2 - a - 5. Let x(g) = 3*g**3 - 9*g**2 - 5. Let l(o) = 4*w(o) - 5*x(o). What is l(m)?
25
Let u(g) = -g**3 + 2*g**2 - 2*g + 2. Suppose -3*w + 53 = -97. Suppose 3*j + 287 = w. Let i = 81 + j. Determine u(i).
-2
Let g(d) = 9*d + 533. Let k be (-59)/(-2)*12/(-29 + 23). Determine g(k).
2
Let x = 14360 - 14361. Let n(s) = -29*s - 7. Calculate n(x).
22
Let u(x) = -x + 3. Let m(i) = i**2 + 6*i - 13. Suppose 2*h - 4*p - 3 - 3 = 0, 0 = -2*h - p + 21. Let t(j) = h*u(j) + 2*m(j). Calculate t(-4).
21
Let x be 402/(-42) + 9 - (-90)/(-14). Let n(f) = 7*f + 16. Give n(x).
-33
Let q(p) = p**3 + 16*p**2 - 3*p - 43. Let o be q(-16). Suppose -o*v + 28 = 58. Let a(x) = x + 7. Give a(v).
1
Suppose y + 15 = -3*c, 5*y - 4 = 5*c + 1. Let u(z) = -z**3 - 2*z**2 + 9*z. Determine u(c).
-4
Let k be (-12)/2*(-2)/(-3). Let z(l) be the second derivative of l**5/20 + 5*l**4/12 - l**3/3 - 3*l**2/2 + 2*l - 13757. Calculate z(k).
21
Let a(l) = -53*l**3 + 95*l**2 - 19*l - 111. Let r(h) = 11*h**3 - 19*h**2 + 4*h + 22. Let s(q) = 5*a(q) + 24*r(q). Determine s(19).
-8
Let i(o) = -2*o + 18. Let v be i(7). Let r be -1*(1 + -5 + -1). Let d(y) = -r*y + 2*y + v*y + 3*y. Determine d(-2).
-8
Let u(g) be the second derivative of -7/2*g**2 - 14*g - 1/12*g**4 + 4/3*g**3 + 0. Let v(n) = n**3 + 4*n**2 + n - 1. Let l be v(-2). Determine u(l).
8
Let j(y) = y - 8. Let w be 442/(-34) - (-12 + 4). Calculate j(w).
-13
Let w(l) = l**2 - 2*l**2 - l**3 - l**3 + 2 + 4*l. Let x = -2505 - -2502. Determine w(x).
35
Let x(u) = 8*u**2 - 88*u + 89. Let j(b) = b**2 - 9*b - 1. Let l(p) = -6*j(p) + x(p). Determine l(3).
11
Let y(m) = -41*m**2 + 28*m**2 - 12 - 14*m**2 + 26*m**2 + m. What is y(6)?
-42
Let i(a) = a**2 + 1. Let r(q) = -3*q**2 + 3*q - 5. Let z(p) = -5*i(p) + r(p). What is z(3)?
-73
Let b(z) = -z**3 - 5*z**2 - 9*z - 5. Let g be b(-5). Let u(h) = g + 2*h**2 - 2*h - 88 + 47. Calculate u(2).
3
Let k(p) = 3*p + 12. Let c(r) = -6*r - 23. Let y(x) = -3*c(x) - 5*k(x). Let o be y(-6). Let j(g) = g**3 + 9*g**2 - g. What is j(o)?
9
Let z = 22950 - 22951. Let h(m) = 4*m**3 - 3*m**2 - 5*m - 3. Calculate h(z).
-5
Let w(q) = -56*q - 24. Let x(v) = 65*v + 27. Let g(j) = -7*w(j) - 6*x(j). Let d = -5 + 1. Calculate g(d).
-2
Let v = -103 + 189. Let b = v - 94. Let n(s) = s + 1. Let y(i) = -3*i + 14. Let g(t) = 4*n(t) + y(t). Calculate g(b).
10
Let y(v) = v**2 + 3*v - 1. Let n(q) = -q**2 + 5*q - 24. Let k be n(5). Let c be (k/15)/((-28)/(-20) + -1). Determine y(c).
3
Let h(v) = -11*v**3 - 2*v**2 + 1. Let i = -9 - -12. Suppose -2*x = -m - 57, 0*m + 4*m = i*x - 208. Let o = -48 - m. Calculate h(o).
-12
Let s(q) = 1 - 3*q**3 + 2*q**2 - 2*q**2 - 2*q. Let h(n) = -4*n - 29. Let x be h(-8). Suppose -72*f = -75*f + x. What is s(f)?
-4
Let h(f) = f**3 + 6*f**2 - 5*f + 4. Let b be h(-7). Let p(u) = -12 + 8789*u**3 + 11*u**2 + 7*u + 8 - 8788*u**3 + 2*u. Calculate p(b).
6
Let c(i) = -16 - 13*i**2 - 21*i + 41*i - 5*i**3 + 2*i**2 - 22*i + 6*i**3. Calculate c(12).
104
Let x = 6843 - 6832. Let u(f) = -f**2 + 9*f + 28. Calculate u(x).
6
Let s(d) = 19*d**2 + 3*d - 115. Let h(a) = 12*a**2 + 2*a - 77. Let b(j) = 8*h(j) - 5*s(j). Give b(0).
-41
Let s(d) = 4*d + 2 - 2 - 1. Suppose 3*j - 4*p = -46 - 28, -8 = j + 2*p. Let y be (0 - 6)*(-6)/j. What is s(y)?
-9
Let l(p) = -8*p**2 + 63*p + 5. Let d(v) = v**2 - 25*v - 76. Let a be d(-3). Give l(a).
-3
Let j(n) = n**3 + n + 1. Let o(x) = 6 - 4418*x**2 + 0 + 4*x + 4417*x**2 + 3*x**3. Let f(c) = -4*j(c) + o(c). Give f(3).
-34
Let m(i) be the third derivative of -i**5/30 - i**4/4 + 7*i**3/3 + 1860*i**2. What is m(-6)?
-22
Let i(b) = 2*b - 8. Let j be i(5). Suppose 4*f + 3*v + j*v = -11, -5*f = v + 40. Let d = f + 13. Let m(o) = 2*o + 5. Determine m(d).
13
Let c = 43 - 42. Let b(z) = 2 + 3*z + 0 - c + 1. Let h = -7 + 5. What is b(h)?
-4
Let z(k) = 7*k - 188. Let f = -4202 - -4228. Give z(f).
-6
Let r(z) = -4*z - 2. Let k(o) = -22*o. Let j be k(1). Let y = 23 + j. Let u be (1 + y)/(1/((-4)/4)). Calculate r(u).
6
Let d(s) = 3*s + 343. Let x(c) = c + 92. Let y(q) = -2*d(q) + 7*x(q). Determine y(10).
-32
Let r(c) = 14*c**3 - 15*c**2 + 39*c + 67. Let m(j) = -3*j**3 + 4*j**2 - 10*j - 16. Let s(p) = -9*m(p) - 2*r(p). Give s(-8).
42
Let p(o) = -o**2 - 7*o - 7. Suppose -6*j + 8*j - 86 = 0. Suppose 6*b - 1 = -j. What is p(b)?
-7
Let o(g) = -7*g**3 - 8*g**2 - 11*g + 24. Let k(w) = 6*w**3 + 9*w**2 + 11*w - 25. Let z(t) = 6*k(t) + 5*o(t). What is z(-13)?
-4
Suppose 36 = -3*a + 7*a. Let q = -6 + a. Let r(j) = 3*j - 2 + 0*j + 4*j - 6*j. Determine r(q).
1
Let n(r) = 2*r**2 - 10. Let x be n(0). Let o(s) = -2*s - 3. Give o(x).
17
Let x = 315 + -313. Let i(n) = -6*n + 0 - n**x + 8 + 7. Give i(-7).
8
Let g(o) be the third derivative of -o**6/120 + 2*o**5/15 + 5*o**4/24 + o**3 - 2657*o**2 - 1. Give g(9).
-30
Let m(c) = 13*c**2 - 127*c + 310. Let s be m(4). Let x(p) = -p**2 - 10*p. Let j(w) = -3*w**2 - 20*w + 1. Let r(h) = -2*j(h) + 5*x(h). Determine r(s).
-2
Suppose -24 = -4*y - 3*x, 4*y + 2*x = -3*x + 24. Let d(q) = 1308*q**2 - 3*q - 653*q**2 - 647*q**2 + 4 - 6*q - q**3. What is d(y)?
22
Let q = -174 + 157. Let u = q - -10. Let a(y) = y**3 + 8*y**2 + 5*y + 5. Determine a(u).
19
Let d = 2 - -1. Suppose -11 = -c + 2*b - 3, 5*c = 2*b + 8. Let u(z) = 0*z + c*z + z**2 + 2 + 2 - 2*z. What is u(d)?
7
Suppose -2*c + 4*v = -258, 8*c - 4*c = 2*v + 546. Suppose -5*y + 225 = 4*n, -c = -4*y - n + 6*n. Let z(q) = y - 3*q + 45 + q**2 - 89. Calculate z(4).
1
Let q(k) = -34*k - 27. Let o(y) = 222*y + 161. Let t(b) = -2*o(b) - 13*q(b). Calculate t(2).
25
Suppose 5*k + 135 - 18 = 4*t, 0 = -2*t + k + 51. Let b = 12 + -8. Let s(l) = t*l - 4 - 18*l - b*l. What is s(4)?
0
Let c(o) = 2*o**3 + 24*o + 6*o**2 + o**2 - 69*o - 23 - o**3 + 47*o. Give c(-5).
17
L